w + 32217, -3*w + 3*r + 32229 = 0. Is w a prime number?
False
Let u = -4 + 1. Let x(m) = 3*m - 3. Let d be x(u). Is (d + 14)*(-71)/(-2) a composite number?
False
Suppose 2*q - 3*u = 36299 - 862, -3*q + 5*u = -53154. Is q prime?
False
Is -69*82*1/(-6) prime?
False
Let m(j) = 172*j**2 - 6*j - 9. Is m(-5) composite?
True
Suppose 39 = 3*x + 2*r - 66, 5*r = -15. Let o be 2/(-7) - x/(-7). Suppose -3*d - 5*t = -631, o*d - 2*t = 3*t + 1105. Is d composite?
True
Let l(s) = s**3 + 4*s**2 - 4*s + 5. Let o be l(-5). Suppose o = 3*r + 2*x + x - 150, -26 = -r + 5*x. Is r composite?
True
Let y = 61 - 58. Is 480 - (y - 1*(-6)/(-3)) prime?
True
Let z(w) = 3049*w**2 + 2*w + 5. Is z(-2) prime?
True
Suppose 15 = 3*f + 5*z - 1, -f = 5*z - 2. Let o(h) = 311*h + 26. Is o(f) a composite number?
False
Let x(c) = 261*c**2 - c + 1. Let q be x(-1). Let d = q - -716. Is d a composite number?
True
Let v = -353 + 3786. Is v a prime number?
True
Suppose 0 = -4*f + 12297 - 1429. Suppose -b + 0*t = -3*t - 913, -3*b = 2*t - f. Is b prime?
True
Let f(j) = 42*j + 0*j + 21*j - 4. Is f(5) prime?
True
Let k(m) = 44*m**2 + 84*m + 123. Is k(-25) prime?
True
Is 513115/820*(-2 - -1)*-12 prime?
False
Suppose 5*d - 21 + 6 = 0. Suppose -4*l + 3 = -d*l. Suppose -3*r - r + 752 = -4*v, 3*v - 582 = -l*r. Is r prime?
True
Let f(q) = 7*q - 1. Let y(z) = 6*z**2 - 2*z - 2. Let o(p) = p**2 - 1. Let h(m) = -3*o(m) + y(m). Let a be h(1). Is f(a) a prime number?
True
Suppose 0 = 4*r - 2*r - 14. Let d(h) = h**3 + h - 1. Let p(o) = -3*o**3 + 9*o**2 - 2*o - 9. Let q(f) = -d(f) - p(f). Is q(r) a composite number?
True
Let a(p) = -4 - 177*p + 4 - 4 + 5. Let k = 19 - 21. Is a(k) a prime number?
False
Suppose -28*g = -50964 - 40344. Is g prime?
False
Suppose 45*q + 6218 = 47*q. Is q composite?
False
Let h be (-799)/(-153) + (-4)/18. Suppose 1 = -p, 2*y - h*p + 1 = 4. Is y/(-4) + 3564/16 a composite number?
False
Let s(b) = 3*b**2 - 4*b - 3. Let g be s(-7). Let k = 262 + -147. Let x = g - k. Is x a composite number?
True
Let y(c) = c**3 - 11*c**2 - 12*c - 2. Let a be y(12). Is (a + 0)*5*381/(-6) composite?
True
Let h(f) = 11*f**2 - 262*f - 83. Is h(-40) a prime number?
True
Suppose -21*p + 3927 = -18*p. Let k = 2052 - p. Is k a prime number?
True
Let f(c) = -c**3 + 5*c**2 + 3*c - 11. Let d be f(11). Suppose 2*g = 4*g + 962. Let y = g - d. Is y composite?
False
Let q(k) be the third derivative of k**4/2 + 17*k**3/6 + 11*k**2. Is q(8) a prime number?
True
Is ((-133196)/(-56))/(3/6) a prime number?
False
Let c = -328 + 2049. Is c a prime number?
True
Let d(k) = 5*k + 253. Suppose -4*m + 3*t - 5 = -17, m - 2*t - 8 = 0. Is d(m) composite?
True
Let q = -1 - -6. Suppose -609 = 2*b - q*t, t = 4*b + 854 + 337. Let y = b + 430. Is y prime?
False
Let t(y) = 21 - 5 + 3 + 2*y**2 + 2*y**2 + 24*y. Is t(17) a composite number?
False
Let k be 290/30 + (-1)/(-3). Let c be k/15*(-234)/(-4). Is c/3*(1 - -10) composite?
True
Let p(g) = -g - 1. Let l(o) = -28*o - 35. Let c(w) = l(w) + 5*p(w). Let t(n) = -2*n**2 + 3*n - 8. Let j be t(3). Is c(j) a composite number?
False
Let x be 90356/10 + 17/((-425)/(-10)). Suppose -14*z + x = -2*z. Is z composite?
True
Suppose 3*h + 3*i = 52605, -2*h - 3*h + 5*i + 87715 = 0. Is h a composite number?
False
Suppose 3*s + 2*m - 39 = 8*s, -5*m - 24 = s. Let a be -249*(-1)/(s/6). Let w = 369 + a. Is w a composite number?
True
Let g(z) = -z**3 + 14*z**2 + z - 3. Let y be g(14). Suppose 3*n + 1688 = y*n. Is n prime?
True
Suppose -2*n = 2*o - 0*n - 24, -3*n = -5*o + 36. Suppose -5*z - 4*g - 11 = 0, -9 = z - g - 5. Let j = z + o. Is j composite?
True
Suppose 5*d - 16 = -4*o, 12 = 3*d - 0. Is ((-28886)/(-104))/(o/(-4)) prime?
False
Suppose -20*v + 15387 = -17*v. Is v composite?
True
Let o(l) = 29*l**2 - 9*l - 105. Is o(13) prime?
True
Suppose -5*w - 28 = 22. Let f be (-4)/w + 323/5. Suppose -3*p = 23 - f. Is p a prime number?
False
Let x be -8 - (-2)/2*2. Let j = x - -9. Suppose -s + 826 = j*s + 2*v, 0 = -4*v + 12. Is s a prime number?
False
Let a be (-3 - 1) + 51 + -24. Suppose 1721 = -22*y + a*y. Is y composite?
False
Let j = -209 + 413. Suppose 4*p - j - 1312 = 0. Is p a composite number?
False
Suppose -2*h - 9*t + 25557 = -4*t, h + 2*t - 12779 = 0. Is h composite?
False
Let i = -1 - -4. Suppose d - i*y + y - 748 = 0, 0 = 3*d - 4*y - 2242. Suppose -5*q = -3*q - d. Is q prime?
True
Let m = -627 - -1302. Suppose -5*q + 790 = -m. Is q a prime number?
True
Let m(b) = -21*b**3 - 2*b**2 - 4*b - 5. Suppose 9 = -3*f + 6*f. Suppose -8*o - 4*r = -f*o + 14, o + r + 3 = 0. Is m(o) composite?
False
Is 27/((-4)/(578*-2)) - 2 a prime number?
False
Suppose -5*z - 3*r = -5279, 3*z - 5*r - 4430 + 1249 = 0. Is z prime?
False
Let k(t) = t**3 - t**2 - 8*t + 2. Let p be k(3). Is (889/p)/(-1)*(-20)/(-5) composite?
True
Let y(t) = -42*t + 8. Let s(d) = -43*d + 9. Let m(l) = 3*s(l) - 4*y(l). Is m(14) prime?
True
Let y = 43 + 136. Is y a prime number?
True
Suppose 5*w = -0*w - 140. Let d = -23 - w. Suppose -d*x = -5*b - 255 - 45, -2*x - b + 111 = 0. Is x composite?
True
Let i be (-2*227)/(-1) + 4. Let t = -271 + i. Is t prime?
False
Suppose u - 5*x - 278 = 0, u + 2*x - 8 - 305 = 0. Is u a composite number?
True
Let z(m) = -902*m - 69. Is z(-2) composite?
True
Suppose 3*n - 6*n - 7 = p, 0 = 4*n + 12. Let b(s) = 0*s + 1 + 2*s - s + 21*s**p + 0*s. Is b(2) prime?
False
Let n be 4/((-48)/198)*-2. Suppose -3*y - 2*s + 105 = 0, 2*y - s + 39 = 116. Suppose -n*q + y*q - 2764 = 0. Is q prime?
True
Let k(r) = r**2 + 7*r + 1. Let u be k(-10). Suppose -c = -36 - u. Suppose v - c = -h, 4*h + v = -0*v + 268. Is h a composite number?
False
Suppose 56*p = 61*p - 56705. Is p prime?
False
Suppose -5*r = 2*h - 23311, 0 = -5*r - 3*h - 1697 + 25011. Is r a prime number?
False
Suppose s - 7675 = -u - 3*s, 4*u = -s + 30655. Is u a prime number?
False
Let g(b) = 187*b**3 - 3*b**2 + 6*b - 5. Let y be g(-4). Is 4/7 - y/77 composite?
False
Let o be -1*((1 - (1 + -1)) + -1). Suppose o = 2*w + w - 2733. Is w prime?
True
Let n = 514 + 321. Is n a composite number?
True
Suppose 7*g = 12*g - 5. Let d(p) = -41*p**2 + 6*p + 1. Let j(k) = -62*k**2 + 9*k + 1. Let f(h) = 7*d(h) - 5*j(h). Is f(g) a prime number?
False
Suppose 4*c + 16 = 0, 2*c + c - 4 = -o. Is 6/o*-2 - (-2700)/80 a prime number?
False
Let f(c) = c**3 + 3*c + 3. Let d be f(-2). Let k(b) = -41 + 11 - 11*b + 11*b**2 + 8 + 12 + b**3. Is k(d) a prime number?
False
Suppose 1000 = 8*t - 3*t. Suppose -12*y + t = -8*y. Let r = 76 - y. Is r prime?
False
Let i be 2/(-4)*220/(-22). Suppose 537 = -2*m + i*m. Is m composite?
False
Suppose 705 = -12*q + 17*q. Let a = q + 368. Is a a composite number?
False
Suppose 0 = -38*r + 25*r + 168389. Is r a composite number?
False
Let l(i) = -i**2 - 18*i - 45. Let v be l(-15). Let x(u) = u**2 + 1267. Is x(v) a composite number?
True
Let x = 58 + 196. Is x a prime number?
False
Let z = 40 - 23. Let b = -16 + z. Is (5 - 2)*b + 86 a composite number?
False
Let w = -10 - -16. Suppose p = 87 + w. Suppose 5*x = -p + 278. Is x prime?
True
Suppose 16 = -2*b - 14. Let d be (-4)/10 + (-21)/b. Is 1*96 + -1 - d composite?
True
Let i(p) = -4*p + 2149. Is i(0) prime?
False
Let p(t) = -77*t - 7. Let r(f) = 1. Let m(w) = -p(w) + 6*r(w). Is m(18) prime?
True
Suppose -8*z = -14*z + 68106. Is z composite?
False
Is 3/18*-4 - (-280753)/33 composite?
True
Suppose b - 4*u = 5489, 72*b + 5*u = 68*b + 22061. Is b composite?
True
Let a(s) be the third derivative of s**6/120 - s**5/12 + s**4/12 + 5*s**3/3 + 3*s**2. Let n be a(7). Let k = 181 - n. Is k prime?
True
Let x be 22014/81 + 2/9. Let i(h) = h**2 + 7*h + 9. Let q be i(-6). Suppose -q*p + 3*g + 156 = 0, -p - 4*p + x = -g. Is p composite?
True
Let k(o) = 68*o**2 - 55*o - 22. Is k(-13) a composite number?
True
Let l = -156 + 155. Let r(m) = 104*m - 3. Let g(x) = 521*x - 16. Let z(i) = 2*g(i) - 11*r(i). Is z(l) prime?
True
Let b(k) = -385*k + 1033*k - 1 + 2 + 0. Is b(1) composite?
True
Let u = 13702 + -6795. Is u a prime number?
True
Let g(j) = 3589*j + 5. Is g(2) composite?
True
Suppose 4*x - 2*x - 4*d = -1162, -2*x = 3*d + 1134. Let h = 303 + x. Is (-6)/6 - h/3 a composite number?
False
Let u(c) = -c**3 - 14*c**2 + 15*c - 5. Let w be u(-15). Let t be 3*w/45*-9. Suppose -157 = -4*v + t*b, 3*b = v + 2*b - 40. Is v a prime number?
True
Is 3 - 